2*v - 5. Suppose 4*z - 7*z = -21. Suppose -3*y - 5*s = -48, -3*s = 4*y - 7*y + 24. Let t = z - y. What is u(t)?
3
Let f(a) = -a**2 + 3*a + 4*a**2 - 4*a**2. Let w be 18/5 - 12/(-30). Let b be (-184)/(-44) - w/22. Give f(b).
-4
Let f be (-4)/6*3 + 4. Suppose -20 + 5 = -5*h + 5*g, f*h - 3 = -g. Let n(w) = -w + 4*w - w + w**2 + 1 - 4*w. What is n(h)?
1
Let n(b) = -b**3 + 3*b**2 + 3*b. Let q be n(2). Let t(k) = -2*k + 11*k**3 - q*k**3 - k**2 - 1 + 2*k**2. Give t(-2).
-1
Let z be 1/2 - 10/(-4). Let f(m) = -3*m + m - m**z + 1 - m**2 + m. Determine f(0).
1
Let u = -8 + 6. Let x(m) = m. Calculate x(u).
-2
Let p(m) = -m**2 + m + 1. Let t be 3 + -3*6/9. Let z(b) = 3*b**2 - 6. Let l(y) = t*z(y) + 4*p(y). Determine l(4).
-2
Let t(b) be the first derivative of 1 - 6*b - 1/3*b**3 - 3*b**2. Give t(-6).
-6
Let n = 1/106 + 41/1272. Let r(m) be the third derivative of 0*m + 1/3*m**3 + n*m**4 + 0 + 2*m**2. Determine r(3).
5
Let w(f) = 11*f**3 - 4*f**2 + f. Let z(s) = 22*s**3 - 9*s**2 + 2*s. Let d(x) = -9*w(x) + 4*z(x). Calculate d(-1).
12
Let q(x) = 3*x**2 - 5 - 14*x**2 + 5*x**3 + 11*x - 4*x**3. Let i be q(10). Let b(o) = o**3 - 6*o**2 + 2*o + 5. Determine b(i).
-10
Let u be 34 - (-3)/(-2 - -1). Let j(d) = 30*d - 4 - 1 - u*d. Calculate j(-3).
-2
Suppose -5*t - 4*b + 2*b = -51, 0 = -b - 2. Let r = t - 9. Let p(s) be the second derivative of -s**4/12 + s**3/3 - 3*s**2/2 + s. Determine p(r).
-3
Let d(c) = c - 1. Let z be (2/3)/(6/(-27)). Determine d(z).
-4
Let d(q) = 1 - 5*q + 14*q + q**2 - 5*q. What is d(-4)?
1
Suppose -4*f = -8 + 32. Let n(c) = -2*c + 4 + 3*c**3 - 11 - c**2 - 6*c**2. Let y(w) = 9*w**3 - 20*w**2 - 6*w - 20. Let h(m) = f*y(m) + 17*n(m). Determine h(-1).
3
Let s(o) be the third derivative of -o**6/120 - o**5/15 - o**4/24 + o**3/6 - 3*o**2. Let q = 17 - 21. Calculate s(q).
5
Let p(t) = 7*t**2 + 1. Suppose 0 = 2*k + 3*k. Let v be 26/39*9/2. Suppose k*a = 3*q + a - 7, 2*q - v*a = -10. Determine p(q).
8
Let i be 30/8 + 3/12. Let a(n) = -n - 3. Let v be a(-3). Let g be (v - 2)/(i/6). Let r(k) = 2*k**2 + 2*k - 2. Give r(g).
10
Let w(n) = -2*n**2 + 7. Let y(z) = 2*z**2 - 8. Let v(l) = -7*w(l) - 6*y(l). Let f(m) = 2*m - 11. Let r be -4*(-6)/8 - -3. Let b be f(r). Give v(b).
1
Let l(a) = 6*a**2 + 2*a + 1. Suppose -o - o = 0. Let y = -1 + o. What is l(y)?
5
Suppose -5*j + 2*d = -84, 3*d = j + 3*j - 63. Suppose -38 = -4*k - j. Let l(m) = -m + 8. Give l(k).
3
Let c(v) be the third derivative of v**6/360 + v**4/24 + 2*v**2. Let j(l) be the second derivative of c(l). What is j(-2)?
-4
Suppose 4*k - 10 = 2*k. Let i(s) = 3 + 630*s - s**2 - 638*s - s**2 + 3*s**2. Calculate i(k).
-12
Let p(j) be the third derivative of -j**6/120 - j**5/30 + j**4/8 + j**3/2 + 6*j**2. Give p(-3).
3
Let z(i) = i**3 + 3*i**2 - 2*i + 4. Let u be (56/12)/(8/12). Suppose 3*b - 12 = u*b. What is z(b)?
10
Suppose 4*z - 3 = 5. Let q be 0/(0 + 2/z). Let d(v) = 4*v**2 - 4*v**2 - 3 - v**3. Calculate d(q).
-3
Suppose 4*h = -h + 10. Let i(q) = 3*q + q**2 - 9*q + h*q - 7. Calculate i(6).
5
Let a be 2 - 10/(2 - -3). Let q(o) = o + 23. Determine q(a).
23
Let b be -1 + 0 + (-2 - (0 - 3)). Let m(v) = -v**2 - v - 9. Determine m(b).
-9
Let p(r) = r. Let j(a) = 7*a - 1. Let v(x) = -j(x) + 4*p(x). Give v(-2).
7
Let n be 2 + -1 - (4 + -3). Let y be (-2)/(-2*(n + 1)). Let c(q) = -5 + y - q - 4. What is c(-4)?
-4
Let x(l) be the first derivative of -l**2/2 - 3. Suppose -r + 20 = 3*r. Calculate x(r).
-5
Let h(i) = -i**2 - 5*i - 4. Let c(l) = 5*l**3 + 1. Let b be c(-1). Let f be (-2)/b*(-2 - -2). Suppose f = 5*d + 16 + 9. Calculate h(d).
-4
Let s(f) = -1. Let y(c) = c + 7. Let n(d) = 3*s(d) + y(d). Suppose -4*g - 16 + 89 = -5*h, 3*g = -2*h + 49. Let k = 12 - g. Calculate n(k).
-1
Suppose 4*t - 11 = 3*k, 0 = 3*k + 3*t + 2*t - 34. Suppose k*o = o + 2. Let s(z) = -21*z + 10*z + 2*z + 5*z. Give s(o).
-4
Let c be (1/(-12))/(1/(-3)). Let x(s) be the second derivative of 0 - 2*s + 1/2*s**2 - 5/6*s**3 + 1/20*s**5 - c*s**4. Give x(4).
-3
Suppose 4*r = 6 + 14. Let t(j) = 2*j - 3 - j**3 - 5*j**2 + r*j**2 + 2. Determine t(2).
-5
Let i(r) be the third derivative of 0 + 1/4*r**4 + 0*r + 2*r**2 - 1/6*r**3. Let z be 4 + -4 - 2/2. Calculate i(z).
-7
Let b(d) = -d**2 + 4*d + 1. Let i be -5*-1*4/(-10). Let x be (-2 - -1)/(i/10). Suppose -4*r + 2*s = 7*s - 25, 28 = x*r + 3*s. Determine b(r).
-4
Let o = -6 - -8. Suppose 3*b - o*q = -5*q - 9, 2 = q. Let t(k) = -k**3 - 4*k**2 + 3*k - 2. Give t(b).
8
Let w(t) = -t**3 + 4*t**2 - 2. Let y(n) = -n. Let b(u) = -w(u) - 2*y(u). Let c be 2/1 - (-8)/8. Calculate b(c).
-1
Let c(k) = -13*k - 13. Let p(l) = -3*l - 3. Let f(z) = 2*c(z) - 9*p(z). Suppose 4*h = 3*g + 23, -h = -0*h + 3*g + 13. Let n be 1/h + (-7)/2. Calculate f(n).
-2
Let n(f) be the third derivative of f**6/120 + f**5/12 + 5*f**4/24 + 2*f**3/3 - f**2. Let r = -10 + 6. What is n(r)?
0
Let c(w) = -5*w**2 - 1. Let b(f) = f**2 + f - 1. Let r(h) = -4*b(h) - c(h). Give r(5).
10
Let u(f) = 1 + f - 3*f**2 + f**2 + 3*f**2. Let m = 103 + -105. Determine u(m).
3
Let o(x) = -x - 1. Let g(k) = -k**2 + 3*k + 4. Let v(m) = g(m) + 3*o(m). Suppose 0*z - 5*z = -5. What is v(z)?
0
Let p(n) be the third derivative of n**6/120 - n**5/12 + n**4/12 - n**3/6 - 3*n**2 - n. Determine p(3).
-13
Suppose 3*k = -2*h + h + 8, 3*h = -2*k + 17. Suppose q - 3 - 1 = 0, 5*d - 10 = -h*q. Let g(l) = -l**3 - l**2 - 3*l - 1. What is g(d)?
9
Let v(o) = -2*o - o**3 + 4*o**2 + o - 3*o + 2*o**2. Let m = 13 + -8. Determine v(m).
5
Let k(r) be the first derivative of 4*r - 4/3*r**3 - 2*r**2 + 1/4*r**4 - 2. Let g be (-26)/(-5) - 1/5. Give k(g).
9
Suppose -3*m + m + 14 = 0. Let a(b) = b**3 - 7*b**2 - 2*b + 9. Give a(m).
-5
Let f(h) = h - 8. Let c(u) = -2*u**2 - 9*u + 2. Let s be c(-4). Give f(s).
-2
Let k(p) = 1 - 1 - 4*p**2 - 1. Let b(u) = u**3 + 1. Let w be 1/2*(0 - 0). Let v be b(w). What is k(v)?
-5
Let b(g) be the second derivative of 0 - 1/6*g**3 + g + 0*g**2. Calculate b(-5).
5
Let k(b) = -b - 5. Let t be k(-11). Let g(m) be the second derivative of m**4/12 - m**3 - m**2 + m. What is g(t)?
-2
Let j(u) = -u - 6*u + 17*u - 8*u. Let i = 1 + 2. Determine j(i).
6
Suppose -2*x = 3*w + 8, -w - 2 = 3*x + 3. Let y(r) = 6*r**2 + 4*r - 6. Let q(d) = -d**2 - d + 1. Let v(l) = x*y(l) - 5*q(l). Give v(-3).
-11
Let o(k) = -5*k - 1. Let d(f) = -f**3 - 4*f**2 + f + 2. Let b = -35 - -21. Let x = b + 10. Let s be d(x). Give o(s).
9
Let h(m) = m**3 + 7*m**2 - m + 2. Suppose 6*x + 2*x + 56 = 0. Determine h(x).
9
Suppose 0*f + 22 = 2*f. Let w = f - 5. Let s(l) = l**2 - 5*l - 2. What is s(w)?
4
Let h(w) = -3*w + 1. Suppose 0 = -2*j - j. Let d(c) = -c**2 + j*c**2 - 2 - 2 - 5*c. Let m be d(-3). Give h(m).
-5
Let g = 12 + -13. Let z(t) be the first derivative of 5*t**4/4 + 2*t**3/3 + t**2 + t + 1. What is z(g)?
-4
Let n(i) = -4*i - 4. Let q(v) be the second derivative of v**2/2 + 6*v. Let c(p) = n(p) + q(p). What is c(-2)?
5
Let b(j) = -1 - 2 + 9*j - 12*j + 0 + 2. Suppose 3*r + 3 = w, -4*r - 5 = -w - 3. Let d be (-10)/(-6) - (-2)/w. Give b(d).
-7
Let t(r) = -2*r - 4. Let d(z) = -3*z - 6. Let o(b) = -5*d(b) + 7*t(b). Give o(6).
8
Suppose -2*c = -4*c + 24. Suppose 4*z - 3*q - c = -0, 9 = 3*z + q. Let a(h) = h**2 - 3. Give a(z).
6
Suppose -7*k - 14 = -9*k. Let o(g) = -g**3 + 6*g**2 + 7*g - 2. Calculate o(k).
-2
Let g(s) = s**2 - 5*s + 2. Let u be -1 - 0 - (-5 + -1). Suppose -n + 1 = 6*o - u*o, -3*n + 8 = 4*o. Suppose o*a + 10 = -5*t, 2*a + 7 + 7 = -4*t. Calculate g(a).
-4
Suppose -3*k - 12 = 0, -5*h - 4 = 3*k + 48. Let a = -9 - h. Let c(w) = -5*w**3 - w - 1. What is c(a)?
5
Let i(z) = -z. Suppose 0 = 4*v + v + 45. Let t = v - -6. Calculate i(t).
3
Let s(k) = -k**2 + 4*k + 2. Suppose 2*y + 4*u + 28 = 0, -5*y + 3*y = -2*u + 34. Let b be -2 + -1 + y/(-2). Determine s(b).
-3
Let t(v) be the third derivative of v**6/720 + v**5/60 - v**4/6 - 2*v**2. Let a(r) be the second derivative of t(r). Calculate a(0).
2
Let h(a) = 2*a + 4. Let k(c) = -3*c**3 - 2*c**2 - c. Let f be k(-1). Suppose 3*i + 10 + 2 = -2*l, -f*l = -3*i. Let u = 0 + l. Give h(u).
-2
Let r(g) = -4*g**3 + 3*g**2 - 6*g - 2. Let u(n) = -5*n**3 + 2*n**2 - 6*n - 3. Let c(x) = 4*r(x) - 3*u(x). Give c(4).
9
Let a(v) be the third derivative of v**5/60 + v**4/4 - v**3/3 + 19*v**2. Calculate a(-6).
-2
Let m(i) be the third derivative of i**5/30 + i**